+ 23204?
23204
In base 8, what is -3374 - -2642?
-532
In base 13, what is -1105 + 4?
-1101
In base 11, what is 441861 - 10?
441851
In base 10, what is -3 + -71106?
-71109
In base 14, what is -1781 + 90?
-16d1
In base 5, what is -202 + -23112?
-23314
In base 14, what is 215068 + 1?
215069
In base 4, what is -313 - -223?
-30
In base 16, what is -c4 + 124?
60
In base 10, what is 8 - -495?
503
In base 13, what is 29 - -2508?
2534
In base 12, what is 5 - 48978?
-48973
In base 3, what is 10120 + -102212?
-22022
In base 2, what is 101 - 110011010001010?
-110011010000101
In base 2, what is 111111011011 - 10?
111111011001
In base 4, what is -1 - 11133020?
-11133021
In base 6, what is -440012 - -13?
-435555
In base 6, what is 20 - 14225?
-14205
In base 8, what is -5 + -155142?
-155147
In base 3, what is -22220 + -20102210?
-20202200
In base 15, what is 3a063 + 3?
3a066
In base 5, what is -14210 + 123?
-14032
In base 14, what is -dc3 + 13?
-db0
In base 10, what is -11916 - 3?
-11919
In base 16, what is 0 - 1bbf?
-1bbf
In base 2, what is 100 - -110010110110000?
110010110110100
In base 4, what is -12200120 + -10?
-12200130
In base 15, what is 2 - -991?
993
In base 11, what is -4 - 19507a?
-195083
In base 3, what is -222210112 - -1200?
-222201212
In base 10, what is 23 - 24548?
-24525
In base 6, what is -311124 - -4?
-311120
In base 13, what is 24 - -b573?
b597
In base 3, what is 1001011 + -121122?
102112
In base 13, what is 4 + -266935?
-266931
In base 6, what is 3 - -23515100?
23515103
In base 6, what is -15 + -51453?
-51512
In base 6, what is 405 + -1352?
-543
In base 5, what is 10042414044 - -2?
10042414101
In base 3, what is -101 + -10000111211?
-10000112012
In base 12, what is -310 - 68?
-378
In base 11, what is -3196 - 6?
-31a1
In base 5, what is -2 - -30114?
30112
In base 7, what is 1541166 + -1?
1541165
In base 5, what is 140 + -122302?
-122112
In base 4, what is -2202100011 + 1?
-2202100010
In base 7, what is 23 - 402404?
-402351
In base 15, what is 9 - 46b?
-462
In base 3, what is 11100122 - -10022?
11110221
In base 5, what is 20 - -312403?
312423
In base 16, what is -138f - -b?
-1384
In base 4, what is -13121 + -10203?
-23330
In base 5, what is -121 + 42120?
41444
In base 2, what is 10 + -10111110001010?
-10111110001000
In base 11, what is 3 - -10748?
10750
In base 11, what is 1098 - 11?
1087
In base 5, what is -1113 - 2211303?
-2212421
In base 9, what is -10 + 330082?
330072
In base 13, what is 26 - 2a43?
-2a1a
In base 5, what is 111 + 32231?
32342
In base 12, what is 102 - -90a8?
91aa
In base 15, what is -5 + -1371a?
-13720
In base 7, what is -35 - 655525?
-655563
In base 4, what is 13132321 - -3?
13132330
In base 6, what is 3154152 + 2?
3154154
In base 3, what is -21021011 - 10?
-21021021
In base 10, what is -6 - -689?
683
In base 3, what is -10 + 1000002?
222222
In base 4, what is 1011010232 - 11?
1011010221
In base 3, what is 20000002 - 20?
12222212
In base 7, what is 21 - -20655?
21006
In base 15, what is 25b + -1ed?
5d
In base 7, what is 2236556 + -5?
2236551
In base 5, what is -402 + -34302?
-40204
In base 4, what is 32200112 + -2?
32200110
In base 16, what is -3 + 123abf?
123abc
In base 7, what is 3 + 161133?
161136
In base 8, what is -145240 - -5?
-145233
In base 10, what is 2 - 33366?
-33364
In base 9, what is -18 - 14785?
-14814
In base 12, what is 4 + 28096?
2809a
In base 16, what is 1 - -15caf?
15cb0
In base 8, what is 12 - 250457?
-250445
In base 6, what is -235 + -53045?
-53324
In base 4, what is 1010102 + 110?
1010212
In base 9, what is 111 + 5006?
5117
In base 11, what is 1484 + -121?
1363
In base 13, what is 685 - -81?
736
In base 4, what is 1 + 331030?
331031
In base 6, what is 35223 + -10221?
25002
In base 11, what is -6175 + 16?
-615a
In base 4, what is 11 + -2311030100?
-2311030023
In base 16, what is 3157e + b?
31589
In base 4, what is -20 + 1212333?
1212313
In base 12, what is -14 + -17b3?
-1807
In base 11, what is -1056 - 103?
-1159
In base 2, what is 1011111100 - 101111000000?
-100011000100
In base 3, what is 10020011121 - -1000?
10020012121
In base 3, what is 112201121121 - 10?
112201121111
In base 10, what is 0 - -83108?
83108
In base 2, what is -11011100100011100010000 - -1?
-11011100100011100001111
In base 12, what is -40 - 163?
-1a3
In base 11, what is 810571 + 3?
810574
In base 11, what is -329 - -163?
-176
In base 3, what is 10000000020 + -2?
10000000011
In base 13, what is 825973 + -5?
82596b
In base 13, what is -514 - -63?
-481
In base 10, what is 166 - -516?
682
In base 14, what is -94a1 - -2?
-949d
In base 5, what is -2442 + 13?
-2424
In base 13, what is 4 + 5a9b?
5aa2
In base 9, what is 11747 - 3?
11744
In base 2, what is -10 - -11111110011001011000?
11111110011001010110
In base 8, what is -4 - 3121457?
-3121463
In base 9, what is 866125 + -1?
866124
In base 4, what is -11 - -20333032?
20333021
In base 8, what is 11 - 40147?
-40136
In base 13, what is 9370 - 0?
9370
In base 7, what is -530 - -44?
-453
In base 4, what is -3 + 130110?
130101
In base 3, what is -2120002 - -1110111?
-1002121
In base 3, what is 10102 + 211001?
221110
In base 16, what is -32b + ac?
-27f
In base 2, what is 111 - -10101000000?
10101000111
In base 16, what is 1d48 + -f3?
1c55
In base 8, what is -5 + 22712?
22705
In base 5, what is -1 - 223124?
-223130
In base 11, what is 1 + 56122?
56123
In base 6, what is -13 + 5421121?
5421104
In base 16, what is -5 - -20c88?
20c83
In base 10, what is -175 - 8?
-183
In base 5, what is 104 + 142132?
142241
In base 8, what is 76 + -2620?
-2522
In base 10, what is -86 - 368?
-454
In base 5, what is 4 + -13300420?
-13300411
In base 4, what is -10110 - -3222?
-222
In base 13, what is -57 + 12c31?
12ba7
In base 5, what is -4223442 + -1?
-4223443
In base 6, what is 151103 + 1?
151104
In base 2, what is 100011110100100 - 1?
100011110100011
In base 3, what is -1101000000000 + -12?
-1101000000012
In base 5, what is 3043211 - -2?
3043213
In base 15, what is -4 - 10bed6?
-10beda
In base 13, what is -2447b + -3?
-24481
In base 5, what is -31412424 - -2?
-31412422
In base 16, what is 174 - 11?
163
In base 15, what is -25 - a4b?
-a71
In base 3, what is 20000 + -20001?
-1
In base 2, what is -1001001001011010101 - 110?
-1001001001011011011
In base 5, what is 434 - -1331?
2320
In base 2, what is -111001 - 10010000?
-11001001
In base 8, what is -11 + 1144044?
1144033
In base 8, what is -41740 - -120?
-41620
In base 11, what is 15a + -2627?
-2478
In base 2, what is -100010010000101 + -11111?
-100010010100100
In base 4, what is 2023320 - 232?
2023022
In base 15, what is -4 + 3176?
3172
In base 6, what is 10200250 + -12?
10200234
In base 11, what is -4 - -1433?
142a
In base 13, what is 1 - -120500?
120501
In base 15, what is -c + -18346?
-18353
In base 3, what is -11202122 + 101?
-11202021
In base 9, what is -222 + -1021?
-1243
In base 5, what is -10 + -112312?
-112322
In base 15, what is 97 + -be1?
-b49
In base 16, what is -e7 - -ea?
3
In base 7, what is 40 + 50036?
50106
In base 8, what is 2 - -42712?
42714
In base 13, what is 35 - -145?
17a
In base 15, what is -1 - -a8d6?
a8d5
In base 5, what is 3 - 1102442?
-1102434
In base 5, what is -2401444 - 2?
-2402001
In base 12, what is b - -14b9?
1508
In base 8, what is 1034202 - 0?
1034202
In base 2, what is -100010101 - 1001011001100?
-1001111100001
In base 5, what is 201 + -243343?
-243142
In base 8, what is 10203775 - 2?
10203773
In base 8, what is -36146 + -56?
-36224
In base 4, what is -11 - -1233222033?
1233222022
In base 2, what is 1101101101110001 - 1?
1101101101110000
In base 7, what is -4 - -126501?
126464
In base 7, what is -5422 - 26?
-5451
In base 2, what is 1010010001 + 10011101?
1100101110
In base 3, what is -11 + 1021002210?
1021002122
In base 13, what is 99303 + -11?
992c2
In base 3, what is -1001110112010 - 10?
-1001110112020
In base 4, what is -1332 + 2300322?
2232330
In base 13, what is -26aa + 16?
-2694
In base 5, what is 4 - -430001?
430010
In base 16, what is -640e + 2?
-640c
In base 13, what is 6 - -485?
48b
In base 6, what is 21140 + 12?
21152
In base 16, what is 54 + -213c?
-20e8
In base 16, what is 2df9 + 3?
2dfc
In base 12, what is -105 + -7?
-110
In base 12, what is -160 + -931?
-a91
In base 3, what is 1212122 - 120?
1212002
In base 16, wh